{"id":1383,"date":"2022-04-06T14:09:06","date_gmt":"2022-04-06T11:09:06","guid":{"rendered":"https:\/\/verkkokauppa.lahti.fi\/museokauppa\/tuote\/mikrokuituliina-kirjekuoressa-kuvakollaasilla\/"},"modified":"2026-02-19T22:55:50","modified_gmt":"2026-02-19T20:55:50","slug":"mikrokuituliina-kirjekuoressa-kuvakollaasilla","status":"publish","type":"product","link":"https:\/\/verkkokauppa.lahti.fi\/museokauppa\/tuote\/mikrokuituliina-kirjekuoressa-kuvakollaasilla\/","title":{"rendered":"Mikrokuituliina kirjekuoressa"},"content":{"rendered":"<p>Monik\u00e4ytt\u00f6inen mikrokuituliina puhdistaa tietokoneen n\u00e4yt\u00f6n, silm\u00e4- ja aurinkolasit sek\u00e4 auton kojelaudan. T\u00e4m\u00e4 tuote on valmistettu rPET-materiaalista.\u00a0<\/p>\n<p>Mikrokuituliinan mukana on kirjekuori ja se on keveytens\u00e4 ansiosta helppo postittaa.<\/p>\n<p>K\u00e4sinpesu max. 40 asteessa.<\/p>\n<p>Koko: 22x14cm<\/p>\n","protected":false},"excerpt":{"rendered":"<p>Monik\u00e4ytt\u00f6inen mikrokuituliina puhdistaa tietokoneen n\u00e4yt\u00f6n, silm\u00e4- ja aurinkolasit sek\u00e4 auton kojelaudan. T\u00e4m\u00e4 tuote on valmistettu rPET-materiaalista.\u00a0 Mikrokuituliinan mukana on kirjekuori ja se on keveytens\u00e4 ansiosta helppo postittaa. K\u00e4sinpesu max. 40 asteessa. Koko: 22x14cm<\/p>\n","protected":false},"featured_media":14361,"template":"","meta":[],"product_brand":[],"product_cat":[151],"product_tag":[],"class_list":{"0":"post-1383","1":"product","2":"type-product","3":"status-publish","4":"has-post-thumbnail","6":"product_cat-lahti-tuotteet-0-0","8":"first","9":"instock","10":"featured","11":"taxable","12":"shipping-taxable","13":"purchasable","14":"product-type-simple"},"_links":{"self":[{"href":"https:\/\/verkkokauppa.lahti.fi\/museokauppa\/wp-json\/wp\/v2\/product\/1383","targetHints":{"allow":["GET"]}}],"collection":[{"href":"https:\/\/verkkokauppa.lahti.fi\/museokauppa\/wp-json\/wp\/v2\/product"}],"about":[{"href":"https:\/\/verkkokauppa.lahti.fi\/museokauppa\/wp-json\/wp\/v2\/types\/product"}],"wp:featuredmedia":[{"embeddable":true,"href":"https:\/\/verkkokauppa.lahti.fi\/museokauppa\/wp-json\/wp\/v2\/media\/14361"}],"wp:attachment":[{"href":"https:\/\/verkkokauppa.lahti.fi\/museokauppa\/wp-json\/wp\/v2\/media?parent=1383"}],"wp:term":[{"taxonomy":"product_brand","embeddable":true,"href":"https:\/\/verkkokauppa.lahti.fi\/museokauppa\/wp-json\/wp\/v2\/product_brand?post=1383"},{"taxonomy":"product_cat","embeddable":true,"href":"https:\/\/verkkokauppa.lahti.fi\/museokauppa\/wp-json\/wp\/v2\/product_cat?post=1383"},{"taxonomy":"product_tag","embeddable":true,"href":"https:\/\/verkkokauppa.lahti.fi\/museokauppa\/wp-json\/wp\/v2\/product_tag?post=1383"}],"curies":[{"name":"wp","href":"https:\/\/api.w.org\/{rel}","templated":true}]}}