{"id":15922,"date":"2023-02-10T13:49:25","date_gmt":"2023-02-10T11:49:25","guid":{"rendered":"https:\/\/verkkokauppa.lahti.fi\/museokauppa\/tuote\/tama-koulumme-pian-ohi-on-kirja\/"},"modified":"2026-01-01T00:12:33","modified_gmt":"2025-12-31T22:12:33","slug":"tama-koulumme-pian-ohi-on-kirja","status":"publish","type":"product","link":"https:\/\/verkkokauppa.lahti.fi\/museokauppa\/tuote\/tama-koulumme-pian-ohi-on-kirja\/","title":{"rendered":"T\u00e4m\u00e4 koulumme pian ohi on&#8230;-kirja"},"content":{"rendered":"<p>Penkinpainajaisajan perinteet Lahden Tytt\u00f6lyseosta Tiirismaan lukioon 1928-2022<\/p>\n<p>Millainen oli abiturientin kev\u00e4tlukukausi 1930-luvun Lahden Tytt\u00f6lyseossa, 1980-luvun Tiirismaan yhteiskoulussa ja 2000-luvun viimeisin\u00e4 Tiirismaan lukion vuosina? Oppilaat ja opettajat muistelevat Tipalan vanhojen p\u00e4ivi\u00e4, ruusukonvia, penkinpainajaisia ja lakkiaisia \u2013 Tipalan perinteisi\u00e4 penkkarihuiskia unohtamatta.<\/p>\n","protected":false},"excerpt":{"rendered":"<p>Penkinpainajaisajan perinteet Lahden Tytt\u00f6lyseosta Tiirismaan lukioon 1928-2022 Millainen oli abiturientin kev\u00e4tlukukausi 1930-luvun Lahden Tytt\u00f6lyseossa, 1980-luvun Tiirismaan yhteiskoulussa ja 2000-luvun viimeisin\u00e4 Tiirismaan lukion vuosina? Oppilaat ja opettajat muistelevat Tipalan vanhojen p\u00e4ivi\u00e4, ruusukonvia, penkinpainajaisia ja lakkiaisia \u2013 Tipalan perinteisi\u00e4 penkkarihuiskia unohtamatta.<\/p>\n","protected":false},"featured_media":15919,"template":"","meta":[],"product_brand":[],"product_cat":[112],"product_tag":[],"class_list":{"0":"post-15922","1":"product","2":"type-product","3":"status-publish","4":"has-post-thumbnail","6":"product_cat-kirjat-0-0","8":"first","9":"instock","10":"featured","11":"taxable","12":"shipping-taxable","13":"purchasable","14":"product-type-simple"},"_links":{"self":[{"href":"https:\/\/verkkokauppa.lahti.fi\/museokauppa\/wp-json\/wp\/v2\/product\/15922","targetHints":{"allow":["GET"]}}],"collection":[{"href":"https:\/\/verkkokauppa.lahti.fi\/museokauppa\/wp-json\/wp\/v2\/product"}],"about":[{"href":"https:\/\/verkkokauppa.lahti.fi\/museokauppa\/wp-json\/wp\/v2\/types\/product"}],"wp:featuredmedia":[{"embeddable":true,"href":"https:\/\/verkkokauppa.lahti.fi\/museokauppa\/wp-json\/wp\/v2\/media\/15919"}],"wp:attachment":[{"href":"https:\/\/verkkokauppa.lahti.fi\/museokauppa\/wp-json\/wp\/v2\/media?parent=15922"}],"wp:term":[{"taxonomy":"product_brand","embeddable":true,"href":"https:\/\/verkkokauppa.lahti.fi\/museokauppa\/wp-json\/wp\/v2\/product_brand?post=15922"},{"taxonomy":"product_cat","embeddable":true,"href":"https:\/\/verkkokauppa.lahti.fi\/museokauppa\/wp-json\/wp\/v2\/product_cat?post=15922"},{"taxonomy":"product_tag","embeddable":true,"href":"https:\/\/verkkokauppa.lahti.fi\/museokauppa\/wp-json\/wp\/v2\/product_tag?post=15922"}],"curies":[{"name":"wp","href":"https:\/\/api.w.org\/{rel}","templated":true}]}}