{"id":33681,"date":"2025-01-02T11:18:39","date_gmt":"2025-01-02T09:18:39","guid":{"rendered":"https:\/\/verkkokauppa.lahti.fi\/museokauppa\/tuote\/lahti-kalastajahattu-2\/"},"modified":"2025-12-21T12:12:30","modified_gmt":"2025-12-21T10:12:30","slug":"lahti-kalastajahattu-2","status":"publish","type":"product","link":"https:\/\/verkkokauppa.lahti.fi\/museokauppa\/tuote\/lahti-kalastajahattu-2\/","title":{"rendered":"Lahti-kalastajahattu"},"content":{"rendered":"<p>Suunniteltu lahtelaisen suunnittelutoimisto Hoodin toimesta.<\/p>\n<p>Suunnittelija: Noora Huppunen<\/p>\n<p>Koko 54<\/p>\n<p>Hattu on k\u00e4\u00e4nt\u00f6hattu.<\/p>\n","protected":false},"excerpt":{"rendered":"<p>Suunniteltu lahtelaisen suunnittelutoimisto Hoodin toimesta. Suunnittelija: Noora Huppunen Koko 54 Hattu on k\u00e4\u00e4nt\u00f6hattu.<\/p>\n","protected":false},"featured_media":20797,"template":"","meta":[],"product_brand":[],"product_cat":[133],"product_tag":[],"class_list":{"0":"post-33681","1":"product","2":"type-product","3":"status-publish","4":"has-post-thumbnail","6":"product_cat-lahti-tuotteet-0","8":"first","9":"instock","10":"taxable","11":"shipping-taxable","12":"purchasable","13":"product-type-simple"},"_links":{"self":[{"href":"https:\/\/verkkokauppa.lahti.fi\/museokauppa\/wp-json\/wp\/v2\/product\/33681","targetHints":{"allow":["GET"]}}],"collection":[{"href":"https:\/\/verkkokauppa.lahti.fi\/museokauppa\/wp-json\/wp\/v2\/product"}],"about":[{"href":"https:\/\/verkkokauppa.lahti.fi\/museokauppa\/wp-json\/wp\/v2\/types\/product"}],"wp:featuredmedia":[{"embeddable":true,"href":"https:\/\/verkkokauppa.lahti.fi\/museokauppa\/wp-json\/wp\/v2\/media\/20797"}],"wp:attachment":[{"href":"https:\/\/verkkokauppa.lahti.fi\/museokauppa\/wp-json\/wp\/v2\/media?parent=33681"}],"wp:term":[{"taxonomy":"product_brand","embeddable":true,"href":"https:\/\/verkkokauppa.lahti.fi\/museokauppa\/wp-json\/wp\/v2\/product_brand?post=33681"},{"taxonomy":"product_cat","embeddable":true,"href":"https:\/\/verkkokauppa.lahti.fi\/museokauppa\/wp-json\/wp\/v2\/product_cat?post=33681"},{"taxonomy":"product_tag","embeddable":true,"href":"https:\/\/verkkokauppa.lahti.fi\/museokauppa\/wp-json\/wp\/v2\/product_tag?post=33681"}],"curies":[{"name":"wp","href":"https:\/\/api.w.org\/{rel}","templated":true}]}}