{"id":33781,"date":"2025-01-23T00:10:25","date_gmt":"2025-01-22T22:10:25","guid":{"rendered":"https:\/\/verkkokauppa.lahti.fi\/museokauppa\/tuote\/vauvateatteriesitys-pumpuli-9-2-2024-klo-11\/"},"modified":"2026-01-01T00:13:02","modified_gmt":"2025-12-31T22:13:02","slug":"vauvateatteriesitys-pumpuli-9-2-2024-klo-11","status":"publish","type":"product","link":"https:\/\/verkkokauppa.lahti.fi\/museokauppa\/tuote\/vauvateatteriesitys-pumpuli-9-2-2024-klo-11\/","title":{"rendered":"Vauvateatteriesitys &#8221;PUMPULI&#8221; 9.2.2024 klo 11"},"content":{"rendered":"<p class=\"x_x_x_MsoNormal\" style=\"margin: 0cm;font-size: 11pt;font-family: Calibri, sans-serif;color: #242424\"><strong>Vauvateatteriesitys &#8221;PUMPULI&#8221;<\/strong><\/p>\n<p class=\"MsoNormal\"><strong>9.2.2024 11:00<\/strong><\/p>\n<p class=\"MsoNormal\"><strong>Malva, pajatila &#8221;Kumma&#8221;<\/strong><\/p>\n<p class=\"x_x_x_MsoNormal\" style=\"margin: 0cm;font-size: 11pt;font-family: Calibri, sans-serif;color: #242424\">Tervetuloa katsomaan ja ihmettelem\u00e4\u00e4n, mit\u00e4 pumpulinpehme\u00e4ss\u00e4 maailmassa tapahtuu.\u00a0<\/p>\n<p class=\"x_x_x_MsoNormal\" style=\"margin: 0cm;font-size: 11pt;font-family: Calibri, sans-serif;color: #242424\">\u00a0<\/p>\n<p class=\"x_x_x_MsoNormal\" style=\"margin: 0cm;font-size: 11pt;font-family: Calibri, sans-serif;color: #242424\">PUMPULI on Super Teatterin aisteja hivelev\u00e4, rauhallinen ja lempe\u00e4 vauvateatteriesitys, jossa tunnelmat syntyv\u00e4t musiikin, \u00e4\u00e4nien, valojen, sanojen ja liikkeen kautta. Vauvantahtisessa esityksess\u00e4 t\u00e4rke\u00e4\u00e4 on luonnollisuus ja rauhallisuus, ja jokainen pieni katsoja huomioidaan esityksen aikana.<\/p>\n<p class=\"x_x_x_MsoNormal\" style=\"margin: 0cm;font-size: 11pt;font-family: Calibri, sans-serif;color: #242424\">\u00a0<\/p>\n<p class=\"x_x_x_MsoNormal\" style=\"margin: 0cm;font-size: 11pt;font-family: Calibri, sans-serif;color: #242424\">Katsojia esitykseen mahtuu 15 aikuinen-vauva -paria.<\/p>\n<p class=\"x_x_x_MsoNormal\" style=\"margin: 0cm;font-size: 11pt;font-family: Calibri, sans-serif;color: #242424\">\u00a0<\/p>\n<p class=\"x_x_x_MsoNormal\" style=\"margin: 0cm;font-size: 11pt;font-family: Calibri, sans-serif;color: #242424\">Esityksen kesto on noin 20 min., jonka j\u00e4lkeen vauvat saavat vapaasti ihmetellen tutustua teoksessa k\u00e4ytettyihin materiaaleihin. Esitys toteutetaan pajatila Kummassa Malvan kellarikerroksessa. Esityksen suositusik\u00e4 on 4 \u2013 18kk. Esityksen hinta on 15\u20ac aikuinen-vauva -parilta. Liput esitykseen ostetaan museon verkkokaupasta.<\/p>\n<p class=\"x_x_x_MsoNormal\" style=\"margin: 0cm;font-size: 11pt;font-family: Calibri, sans-serif;color: #242424\">\u00a0<\/p>\n<p class=\"x_x_x_MsoNormal\" style=\"margin: 0cm;font-size: 11pt;font-family: Calibri, sans-serif;color: #242424\">Super Teatterin ty\u00f6ryhm\u00e4: Emilia Porali, Anssi Hyv\u00f6nen, Tero Porali<\/p>\n<p class=\"x_x_x_MsoNormal\" style=\"margin: 0cm;font-size: 11pt;font-family: Calibri, sans-serif;color: #242424\">\u00a0<\/p>\n<p class=\"x_x_x_MsoNormal\" style=\"margin: 0cm;font-size: 11pt;font-family: Calibri, sans-serif;color: #242424\">Esitys on osa Lahden Lasten Talvikarnevaalit 2024 -ohjelmaa<\/p>\n<p class=\"x_x_x_MsoNormal\" style=\"margin: 0cm;font-size: 11pt;font-family: Calibri, sans-serif;color: #242424\">\u00a0<\/p>\n","protected":false},"excerpt":{"rendered":"<p>Vauvateatteriesitys &#8221;PUMPULI&#8221; 9.2.2024 11:00 Malva, pajatila &#8221;Kumma&#8221; Tervetuloa katsomaan ja ihmettelem\u00e4\u00e4n, mit\u00e4 pumpulinpehme\u00e4ss\u00e4 maailmassa tapahtuu.\u00a0 \u00a0 PUMPULI on Super Teatterin aisteja hivelev\u00e4, rauhallinen ja lempe\u00e4 vauvateatteriesitys, jossa tunnelmat syntyv\u00e4t musiikin, \u00e4\u00e4nien, valojen, sanojen ja liikkeen kautta. Vauvantahtisessa esityksess\u00e4 t\u00e4rke\u00e4\u00e4 on luonnollisuus ja rauhallisuus, ja jokainen pieni katsoja huomioidaan esityksen aikana. \u00a0 Katsojia esitykseen mahtuu 15 [&hellip;]<\/p>\n","protected":false},"featured_media":18753,"template":"","meta":[],"product_brand":[],"product_cat":[84],"product_tag":[],"class_list":{"0":"post-33781","1":"product","2":"type-product","3":"status-publish","4":"has-post-thumbnail","6":"product_cat-tapahtumat-0","8":"first","9":"instock","10":"virtual","11":"taxable","12":"purchasable","13":"product-type-simple"},"_links":{"self":[{"href":"https:\/\/verkkokauppa.lahti.fi\/museokauppa\/wp-json\/wp\/v2\/product\/33781","targetHints":{"allow":["GET"]}}],"collection":[{"href":"https:\/\/verkkokauppa.lahti.fi\/museokauppa\/wp-json\/wp\/v2\/product"}],"about":[{"href":"https:\/\/verkkokauppa.lahti.fi\/museokauppa\/wp-json\/wp\/v2\/types\/product"}],"wp:featuredmedia":[{"embeddable":true,"href":"https:\/\/verkkokauppa.lahti.fi\/museokauppa\/wp-json\/wp\/v2\/media\/18753"}],"wp:attachment":[{"href":"https:\/\/verkkokauppa.lahti.fi\/museokauppa\/wp-json\/wp\/v2\/media?parent=33781"}],"wp:term":[{"taxonomy":"product_brand","embeddable":true,"href":"https:\/\/verkkokauppa.lahti.fi\/museokauppa\/wp-json\/wp\/v2\/product_brand?post=33781"},{"taxonomy":"product_cat","embeddable":true,"href":"https:\/\/verkkokauppa.lahti.fi\/museokauppa\/wp-json\/wp\/v2\/product_cat?post=33781"},{"taxonomy":"product_tag","embeddable":true,"href":"https:\/\/verkkokauppa.lahti.fi\/museokauppa\/wp-json\/wp\/v2\/product_tag?post=33781"}],"curies":[{"name":"wp","href":"https:\/\/api.w.org\/{rel}","templated":true}]}}