{"id":824,"date":"2022-02-01T11:07:42","date_gmt":"2022-02-01T09:07:42","guid":{"rendered":"https:\/\/verkkokauppa.lahti.fi\/museokauppa\/tuote\/suomen-naiset-ladulla-ja-maessa\/"},"modified":"2026-01-01T00:11:59","modified_gmt":"2025-12-31T22:11:59","slug":"suomen-naiset-ladulla-ja-maessa","status":"publish","type":"product","link":"https:\/\/verkkokauppa.lahti.fi\/museokauppa\/tuote\/suomen-naiset-ladulla-ja-maessa\/","title":{"rendered":"Suomen naiset ladulla ja m\u00e4ess\u00e4"},"content":{"rendered":"<p>T\u00e4m\u00e4 upea teos esittelee naisten nousua tasavertaisiksi kilpaurheilijoiksi yli 120 vuoden ajalta. Hiihtoa ja ilmalentoa iloineen ja suruineen.<\/p>\n<p>Kirjoittajat: Suvi Kuisma ja Tiina Jantunen. 2020.<\/p>\n<p>168 sivua ja 150 kuvaa.<\/p>\n<p>ISBN 978-952-5749-77-9<\/p>\n<p>\u00a0<\/p>\n","protected":false},"excerpt":{"rendered":"<p>T\u00e4m\u00e4 upea teos esittelee naisten nousua tasavertaisiksi kilpaurheilijoiksi yli 120 vuoden ajalta. Hiihtoa ja ilmalentoa iloineen ja suruineen. Kirjoittajat: Suvi Kuisma ja Tiina Jantunen. 2020. 168 sivua ja 150 kuvaa. ISBN 978-952-5749-77-9 \u00a0<\/p>\n","protected":false},"featured_media":14346,"template":"","meta":[],"product_brand":[],"product_cat":[60],"product_tag":[],"class_list":{"0":"post-824","1":"product","2":"type-product","3":"status-publish","4":"has-post-thumbnail","6":"product_cat-kirjat","8":"first","9":"instock","10":"featured","11":"taxable","12":"shipping-taxable","13":"purchasable","14":"product-type-simple"},"_links":{"self":[{"href":"https:\/\/verkkokauppa.lahti.fi\/museokauppa\/wp-json\/wp\/v2\/product\/824","targetHints":{"allow":["GET"]}}],"collection":[{"href":"https:\/\/verkkokauppa.lahti.fi\/museokauppa\/wp-json\/wp\/v2\/product"}],"about":[{"href":"https:\/\/verkkokauppa.lahti.fi\/museokauppa\/wp-json\/wp\/v2\/types\/product"}],"wp:featuredmedia":[{"embeddable":true,"href":"https:\/\/verkkokauppa.lahti.fi\/museokauppa\/wp-json\/wp\/v2\/media\/14346"}],"wp:attachment":[{"href":"https:\/\/verkkokauppa.lahti.fi\/museokauppa\/wp-json\/wp\/v2\/media?parent=824"}],"wp:term":[{"taxonomy":"product_brand","embeddable":true,"href":"https:\/\/verkkokauppa.lahti.fi\/museokauppa\/wp-json\/wp\/v2\/product_brand?post=824"},{"taxonomy":"product_cat","embeddable":true,"href":"https:\/\/verkkokauppa.lahti.fi\/museokauppa\/wp-json\/wp\/v2\/product_cat?post=824"},{"taxonomy":"product_tag","embeddable":true,"href":"https:\/\/verkkokauppa.lahti.fi\/museokauppa\/wp-json\/wp\/v2\/product_tag?post=824"}],"curies":[{"name":"wp","href":"https:\/\/api.w.org\/{rel}","templated":true}]}}