{"id":829,"date":"2022-02-01T11:07:43","date_gmt":"2022-02-01T09:07:43","guid":{"rendered":"https:\/\/verkkokauppa.lahti.fi\/museokauppa\/tuote\/taloton-taidemuseo\/"},"modified":"2026-01-01T01:00:03","modified_gmt":"2025-12-31T23:00:03","slug":"taloton-taidemuseo","status":"publish","type":"product","link":"https:\/\/verkkokauppa.lahti.fi\/museokauppa\/tuote\/taloton-taidemuseo\/","title":{"rendered":"Taloton taidemuseo"},"content":{"rendered":"<p>Lahden visuaalisten taiteiden museo Malva on uusi tulokas museokent\u00e4ll\u00e4, mutta sen historia ulottuu yli 70 vuoden p\u00e4\u00e4h\u00e4n. Taidemuseotoiminta alkoi Lahdessa vuonna 1950, kun Lahden kaupunki j\u00e4rjesti ensimm\u00e4iset n\u00e4yttelyt v\u00e4liaikaiseksi tarkoitetuissa tiloissa. Samalla alkoi kiivas keskustelu museon sijainnista: mik\u00e4 olisi Lahdessa sopiva paikka taidemuseolle?<\/p>\n<p>Museoamanuenssi Susanna Korhosen Taloton taidemuseo -kirja valottaa museorakennuksen ymp\u00e4rill\u00e4 k\u00e4yty\u00e4 keskustelua. Kariutuneiden suunnitelmien takaa l\u00f6ytyy niin voimakasta tahtotilaa kuin ideointikykyisi\u00e4 lahtelaisia.<\/p>\n<p>Kirjoittaja: Susanna Korhonen. Toim. Hannu Takala &amp; Paula Korte.<\/p>\n<p>Lahden kaupunginmuseon tutkimuksia 37<\/p>\n<p>71 sivua.<\/p>\n<p>ISBN: 978-952-5749-75-5<\/p>\n","protected":false},"excerpt":{"rendered":"<p>Lahden visuaalisten taiteiden museo Malva on uusi tulokas museokent\u00e4ll\u00e4, mutta sen historia ulottuu yli 70 vuoden p\u00e4\u00e4h\u00e4n. Taidemuseotoiminta alkoi Lahdessa vuonna 1950, kun Lahden kaupunki j\u00e4rjesti ensimm\u00e4iset n\u00e4yttelyt v\u00e4liaikaiseksi tarkoitetuissa tiloissa. Samalla alkoi kiivas keskustelu museon sijainnista: mik\u00e4 olisi Lahdessa sopiva paikka taidemuseolle? Museoamanuenssi Susanna Korhosen Taloton taidemuseo -kirja valottaa museorakennuksen ymp\u00e4rill\u00e4 k\u00e4yty\u00e4 keskustelua. Kariutuneiden [&hellip;]<\/p>\n","protected":false},"featured_media":14373,"template":"","meta":[],"product_brand":[],"product_cat":[124],"product_tag":[],"class_list":{"0":"post-829","1":"product","2":"type-product","3":"status-publish","4":"has-post-thumbnail","6":"product_cat-kirjat-0-0-0","8":"first","9":"instock","10":"featured","11":"taxable","12":"shipping-taxable","13":"purchasable","14":"product-type-simple"},"_links":{"self":[{"href":"https:\/\/verkkokauppa.lahti.fi\/museokauppa\/wp-json\/wp\/v2\/product\/829","targetHints":{"allow":["GET"]}}],"collection":[{"href":"https:\/\/verkkokauppa.lahti.fi\/museokauppa\/wp-json\/wp\/v2\/product"}],"about":[{"href":"https:\/\/verkkokauppa.lahti.fi\/museokauppa\/wp-json\/wp\/v2\/types\/product"}],"wp:featuredmedia":[{"embeddable":true,"href":"https:\/\/verkkokauppa.lahti.fi\/museokauppa\/wp-json\/wp\/v2\/media\/14373"}],"wp:attachment":[{"href":"https:\/\/verkkokauppa.lahti.fi\/museokauppa\/wp-json\/wp\/v2\/media?parent=829"}],"wp:term":[{"taxonomy":"product_brand","embeddable":true,"href":"https:\/\/verkkokauppa.lahti.fi\/museokauppa\/wp-json\/wp\/v2\/product_brand?post=829"},{"taxonomy":"product_cat","embeddable":true,"href":"https:\/\/verkkokauppa.lahti.fi\/museokauppa\/wp-json\/wp\/v2\/product_cat?post=829"},{"taxonomy":"product_tag","embeddable":true,"href":"https:\/\/verkkokauppa.lahti.fi\/museokauppa\/wp-json\/wp\/v2\/product_tag?post=829"}],"curies":[{"name":"wp","href":"https:\/\/api.w.org\/{rel}","templated":true}]}}