{"id":937,"date":"2022-02-02T13:13:41","date_gmt":"2022-02-02T11:13:41","guid":{"rendered":"https:\/\/verkkokauppa.lahti.fi\/museokauppa\/tuote\/opastus-koko-talon-kierros-90-min-ti-pe\/"},"modified":"2026-01-16T00:10:13","modified_gmt":"2026-01-15T22:10:13","slug":"opastus-90-min-koko-museo-2","status":"publish","type":"product","link":"https:\/\/verkkokauppa.lahti.fi\/museokauppa\/tuote\/opastus-90-min-koko-museo-2\/","title":{"rendered":"Koko museon kierros suomeksi"},"content":{"rendered":"<p class=\"MsoNormal\">Koko Malvan kattavalla kierroksella tutustutaan niin Malvaan museona kuin kaikkiin avoinna oleviin n\u00e4yttelyihin. Suosittelemme t\u00e4t\u00e4 kierrosta kaikille, jotka haluavat saada laajan k\u00e4sityksen museon annista.<\/p>\n<p class=\"MsoNormal\"><strong>Kesto:<\/strong>\u00a090 minuuttia<br \/><strong>Ryhm\u00e4koko:<\/strong>\u00a0max 30 henkil\u00f6\u00e4<br \/><strong>Kieli: <\/strong>suomi<br \/><strong>Hinta<\/strong>:\u00a0ti-la 180 \u20ac, su 300 \u20ac<br \/>P\u00e4\u00e4syliput eiv\u00e4t sis\u00e4lly opastuksen hintaan. Lippuhinnastomme l\u00f6yd\u00e4t <a href=\"https:\/\/www.malvamuseo.fi\/tule-meille\/paasyliput\/\" target=\"_blank\" rel=\"noopener\">t\u00e4\u00e4lt\u00e4<\/a>.<\/p>\n<p class=\"MsoNormal\"><strong><br \/>Maksutavat<\/p>\n<p><\/strong>Voit tehd\u00e4 varauksen ja maksaa opastuksen heti alla olevalla lomakkeella. Saat varausvahvistuksen s\u00e4hk\u00f6postiisi.<br \/>P\u00e4\u00e4syliput voi ostaa ennakkoon verkkokaupasta tai paikan p\u00e4\u00e4ll\u00e4 museon lipunmyynnist\u00e4.<\/p>\n<p>Jos haluat opastuksen laskulle, tai maksaa sen paikan p\u00e4\u00e4ll\u00e4 lipunmyynniss\u00e4, varaa opastus erillisell\u00e4 varauslomakkeella\u00a0<a href=\"https:\/\/www.malvamuseo.fi\/varaa-opastus\/opastus-koko-museon-kierros\/\">t\u00e4\u00e4lt\u00e4<\/a>.<\/p>\n","protected":false},"excerpt":{"rendered":"<p>Koko Malvan kattavalla kierroksella tutustutaan niin Malvaan museona kuin kaikkiin avoinna oleviin n\u00e4yttelyihin. Suosittelemme t\u00e4t\u00e4 kierrosta kaikille, jotka haluavat saada laajan k\u00e4sityksen museon annista. Kesto:\u00a090 minuuttiaRyhm\u00e4koko:\u00a0max 30 henkil\u00f6\u00e4Kieli: suomiHinta:\u00a0ti-la 180 \u20ac, su 300 \u20acP\u00e4\u00e4syliput eiv\u00e4t sis\u00e4lly opastuksen hintaan. Lippuhinnastomme l\u00f6yd\u00e4t t\u00e4\u00e4lt\u00e4. Maksutavat Voit tehd\u00e4 varauksen ja maksaa opastuksen heti alla olevalla lomakkeella. Saat varausvahvistuksen s\u00e4hk\u00f6postiisi.P\u00e4\u00e4syliput [&hellip;]<\/p>\n","protected":false},"featured_media":31971,"template":"","meta":[],"product_brand":[],"product_cat":[170],"product_tag":[],"class_list":{"0":"post-937","1":"product","2":"type-product","3":"status-publish","4":"has-post-thumbnail","6":"product_cat-suomenkieliset-opastukset","8":"first","9":"instock","10":"virtual","11":"sold-individually","12":"taxable","13":"purchasable","14":"product-type-phive_booking"},"_links":{"self":[{"href":"https:\/\/verkkokauppa.lahti.fi\/museokauppa\/wp-json\/wp\/v2\/product\/937","targetHints":{"allow":["GET"]}}],"collection":[{"href":"https:\/\/verkkokauppa.lahti.fi\/museokauppa\/wp-json\/wp\/v2\/product"}],"about":[{"href":"https:\/\/verkkokauppa.lahti.fi\/museokauppa\/wp-json\/wp\/v2\/types\/product"}],"wp:featuredmedia":[{"embeddable":true,"href":"https:\/\/verkkokauppa.lahti.fi\/museokauppa\/wp-json\/wp\/v2\/media\/31971"}],"wp:attachment":[{"href":"https:\/\/verkkokauppa.lahti.fi\/museokauppa\/wp-json\/wp\/v2\/media?parent=937"}],"wp:term":[{"taxonomy":"product_brand","embeddable":true,"href":"https:\/\/verkkokauppa.lahti.fi\/museokauppa\/wp-json\/wp\/v2\/product_brand?post=937"},{"taxonomy":"product_cat","embeddable":true,"href":"https:\/\/verkkokauppa.lahti.fi\/museokauppa\/wp-json\/wp\/v2\/product_cat?post=937"},{"taxonomy":"product_tag","embeddable":true,"href":"https:\/\/verkkokauppa.lahti.fi\/museokauppa\/wp-json\/wp\/v2\/product_tag?post=937"}],"curies":[{"name":"wp","href":"https:\/\/api.w.org\/{rel}","templated":true}]}}